 remainder when 39256385 is divided by 39256377?
8
Calculate the remainder when 26365 is divided by 1340.
905
Calculate the remainder when 32844108 is divided by 6568816.
28
What is the remainder when 39545 is divided by 13049?
398
Calculate the remainder when 32571610 is divided by 6514317.
25
Calculate the remainder when 5581 is divided by 322.
107
What is the remainder when 10434848 is divided by 10434823?
25
What is the remainder when 517392 is divided by 309?
126
What is the remainder when 161827 is divided by 1235?
42
What is the remainder when 24571326 is divided by 299650?
26
Calculate the remainder when 998867414 is divided by 227.
222
Calculate the remainder when 115610619 is divided by 6375.
6369
What is the remainder when 401424 is divided by 3402?
3390
What is the remainder when 307147 is divided by 3995?
3527
Calculate the remainder when 191946582 is divided by 71.
70
Calculate the remainder when 218082 is divided by 168.
18
What is the remainder when 13589 is divided by 61?
47
What is the remainder when 50273335 is divided by 1836?
1819
Calculate the remainder when 1406154 is divided by 156223.
147
What is the remainder when 108525 is divided by 578?
439
Calculate the remainder when 359433932 is divided by 1437.
1433
What is the remainder when 1089350 is divided by 122?
12
What is the remainder when 4135001 is divided by 5208?
5057
What is the remainder when 540762 is divided by 994?
26
What is the remainder when 775541 is divided by 68?
1
What is the remainder when 2232956 is divided by 558236?
12
What is the remainder when 2374570 is divided by 395760?
10
What is the remainder when 143830 is divided by 479?
130
What is the remainder when 73602 is divided by 1398?
906
Calculate the remainder when 953134 is divided by 757.
71
What is the remainder when 4050428 is divided by 4845?
8
Calculate the remainder when 803401406 is divided by 15.
11
Calculate the remainder when 205596 is divided by 3486.
3408
What is the remainder when 11887527 is divided by 1091?
1082
What is the remainder when 3892513 is divided by 1946254?
5
Calculate the remainder when 1687400 is divided by 445.
405
Calculate the remainder when 1282340 is divided by 19.
11
Calculate the remainder when 88426 is divided by 3671.
322
What is the remainder when 10634961 is divided by 1772411?
495
What is the remainder when 6565837 is divided by 737?
641
Calculate the remainder when 1676391 is divided by 120.
111
Calculate the remainder when 5927115 is divided by 7758.
3
Calculate the remainder when 4009009 is divided by 640.
49
Calculate the remainder when 42698809 is divided by 1265.
1264
What is the remainder when 14216 is divided by 600?
416
Calculate the remainder when 2198527 is divided by 47794.
3
Calculate the remainder when 2054738 is divided by 42.
14
Calculate the remainder when 567615 is divided by 595.
580
What is the remainder when 146661650 is divided by 3699?
3698
Calculate the remainder when 167784 is divided by 708.
696
Calculate the remainder when 1070634 is divided by 513.
3
Calculate the remainder when 277148042 is divided by 42.
38
Calculate the remainder when 103270440 is divided by 214.
32
Calculate the remainder when 1044533 is divided by 392.
245
Calculate the remainder when 2843600 is divided by 467.
37
What is the remainder when 241870 is divided by 587?
26
What is the remainder when 30800698 is divided by 42?
40
Calculate the remainder when 4462306 is divided by 37.
32
Calculate the remainder when 74234 is divided by 8247.
11
Calculate the remainder when 2451158 is divided by 19609.
33
Calculate the remainder when 13027915 is divided by 1447544.
19
What is the remainder when 116240 is divided by 1000?
240
Calculate the remainder when 8296394 is divided by 2765460.
14
What is the remainder when 4675442 is divided by 1104?
2
Calculate the remainder when 14180332 is divided by 9208.
12
What is the remainder when 3228337 is divided by 76?
9
What is the remainder when 37210461 is divided by 1504?
1501
Calculate the remainder when 517045 is divided by 455.
165
What is the remainder when 3008339 is divided by 1075?
489
Calculate the remainder when 9956024 is divided by 1659336.
8
What is the remainder when 7729021 is divided by 697?
685
What is the remainder when 6325404 is divided by 1424?
1420
Calculate the remainder when 39702 is divided by 2495.
2277
Calculate the remainder when 4802 is divided by 2278.
246
What is the remainder when 8734056 is divided by 507?
474
What is the remainder when 258940 is divided by 59?
48
What is the remainder when 515065 is divided by 2417?
244
Calculate the remainder when 372928 is divided by 62139.
94
What is the remainder when 143562771 is divided by 1242?
1233
What is the remainder when 277884 is divided by 13?
9
What is the remainder when 281618 is divided by 7611?
11
What is the remainder when 2472008 is divided by 165?
143
Calculate the remainder when 21962 is divided by 1808.
266
Calculate the remainder when 2226770 is divided by 742214.
128
What is the remainder when 779490 is divided by 41021?
91
What is the remainder when 32321 is divided by 474?
89
Calculate the remainder when 6453225 is divided by 2150947.
384
What is the remainder when 941007 is divided by 3705?
3642
What is the remainder when 1022019 is divided by 3946?
5
What is the remainder when 8754 is divided by 3958?
838
What is the remainder when 279668 is divided by 1606?
224
What is the remainder when 2007947 is divided by 66931?
17
What is the remainder when 312738 is divided by 592?
162
Calculate the remainder when 70485131 is divided by 23.
21
Calculate the remainder when 239549437 is divided by 79849801.
34
Calculate the remainder when 80807 is divided by 4608.
2471
What is the remainder when 2399 is divided by 2390?
9
What is the remainder when 8775266 is divided by 16?
2
Calculate the remainder when 713465 is divided by 523.
93
What is the remainder when 364286 is divided by 1058?
334
What is the remainder when 34072 is divided by 491?
193
What is the remainder when 1045369177 is divided by 699?
697
Calculate the remainder when 101512 is divided by 9990.
1612
Calculate the remainder when 48198671 is divided by 58.
33
Calculate the remainder when 7223781 is divided by 359.
342
What is the remainder when 1019244 is divided by 375?
369
What is the remainder when 422680 is divided by 101?
96
Calculate the remainder when 7237424 is divided by 391.
14
What is the remainder when 4618690 is divided by 19654?
0
What is the remainder when 1501795 is divided by 500594?
13
Calculate the remainder when 3651817 is divided by 70226.
65
Calculate the remainder when 39465620 is divided by 39.
38
Calculate the remainder when 218643 is divided by 30.
3
Calculate the remainder when 50324 is divided by 49909.
415
What is the remainder when 20473545 is divided by 7312?
7257
Calculate the remainder when 10534966 is divided by 1368.
1366
What is the remainder when 1543552 is divided by 318?
298
Calculate the remainder when 592205 is divided by 1239.
1202
Calculate the remainder when 529807 is divided by 211.
197
What is the remainder when 126877 is divided by 6027?
310
Calculate the remainder when 59827741 is divided by 3801.
1
What is the remainder when 65189 is divided by 58?
55
What is the remainder when 769772 is divided by 192439?
16
Calculate the remainder when 11680792 is divided by 359.
9
Calculate the remainder when 6089041 is divided by 6.
1
Calculate the remainder when 3209707 is divided by 706.
231
What is the remainder when 571520081 is divided by 33?
11
What is the remainder when 41610 is divided by 3234?
2802
What is the remainder when 2215283 is divided by 221490?
383
Calculate the remainder when 2246461 is divided by 189.
7
Calculate the remainder when 1388615 is divided by 77.
74
What is the remainder when 8039597 is divided by 111661?
5
Calculate the remainder when 1335383 is divided by 74177.
197
Calculate the remainder when 54329966 is divided by 4009.
4007
Calculate the remainder when 138612 is divided by 78.
6
What is the remainder when 30890171 is divided by 171?
47
Calculate the remainder when 37617 is divided by 453.
18
What is the remainder when 247167 is divided by 1858?
53
What is the remainder when 2430624 is divided by 369?
